 = -143 - -193. Suppose 0 = 4*g - 0*g - 1400. What is the greatest common factor of g and x?
50
Let c be 1/(-3) + (0 - 2288/(-24)). What is the greatest common divisor of 1235 and c?
95
Suppose 0 = 3*a + p - 10, -11 = 5*p + 14. Let y(u) = -9*u - 3. Let s be y(-2). What is the highest common factor of a and s?
5
Let u = 334 - 150. What is the highest common divisor of u and 23?
23
Let z be ((-26)/(-65))/((-2)/(-60)). Let b(j) = j**3 + 11*j**2 + 7*j - 4. Let k be b(-8). What is the greatest common factor of z and k?
12
Suppose 16*m - 321 = 31. What is the greatest common factor of m and 99?
11
Let p = 110 - 113. Let q be 10 + 0 - (p - -2). What is the highest common divisor of 1 and q?
1
Suppose 4*g - 737 = 3*k + 136, 242 = g + 4*k. What is the greatest common factor of g and 24?
6
Let j = -205 + 280. What is the highest common divisor of 75 and j?
75
Suppose 6*x - 4 = 5*x, v = 2*x - 5. Suppose 2*k + 4*h = 302, 153 = -v*k + 5*h + 584. Calculate the highest common factor of 49 and k.
49
Let o be (7/8 + (-6)/16)*92. What is the greatest common divisor of 4 and o?
2
Let g be (364/(-2))/(1 - (-24)/(-18)). Suppose -22*p = -8*p - g. Calculate the greatest common factor of 52 and p.
13
Suppose 361*v = 360*v + 638. Calculate the highest common divisor of v and 116.
58
Let b be (36/(-30))/(-2 + (-24)/(-15)). Suppose -3*m = b*m - 270. Calculate the highest common divisor of 5 and m.
5
Let m be -7 + 5 - (1 - 1). Let p be 0/m - 54/(-2). Calculate the greatest common factor of p and 18.
9
Suppose 5*l + 74 = 3*k, 3*l - 5*l - 80 = -3*k. Calculate the highest common divisor of k and 812.
28
Let w be 15*(1 + (-26)/(-10)). Calculate the greatest common divisor of w and 24.
6
Let g(v) = v**3 + 12*v**2 + 11*v + 22. Let i be g(-10). Calculate the greatest common divisor of 63 and i.
7
Let t be 1 + (-1953)/(-8) + 213/(-1704). What is the greatest common divisor of 98 and t?
49
Let s(m) = 1 - 5*m + 9 + 3*m**2 - 4. Let r be s(3). What is the highest common factor of 9 and r?
9
Let y be (-7)/(245/(-133)) - (-1)/5. What is the highest common divisor of y and 28?
4
Let x(v) = 19*v - 5*v + 20*v - 15 + 0. Let a be x(8). Let d = -170 + a. What is the greatest common factor of d and 29?
29
Let m be -2 + 1/(-4) + 294/24. Calculate the greatest common divisor of 16 and m.
2
Let b be 7 + ((-175)/(-70) - (-922)/4). What is the highest common divisor of 192 and b?
48
Let h(j) = 5*j - 20. Suppose -20 = -2*l - 3*l, -4*r + 8 = -4*l. Let x be h(r). Let q be (-2 + (-15)/(-6))*100. Calculate the highest common divisor of q and x.
10
Suppose 4*p - 244 = 2*c, -2*p - 78*c = -82*c - 134. What is the greatest common factor of 1298 and p?
59
Let h be -36*(1/(-6) - (-2)/(-6)). Let j = h - -10. Let l = 11 + 31. What is the highest common factor of l and j?
14
Suppose -14*y - 80 = -19*y. Calculate the highest common divisor of 304 and y.
16
Let u(d) = d - 4. Let o be u(4). Let x be (-3)/3 + 0 - -7. Suppose -g + 4*g - x = o. What is the greatest common divisor of 3 and g?
1
Let g(t) = t**3 - 4*t**2 - 15*t - 3. Suppose 2*u - 32 = -3*w, -5*w + 3*w - 2*u + 24 = 0. Let r be g(w). Calculate the highest common divisor of r and 7.
7
Suppose -86 = -2*x - 4*k, 0*x - x - 3*k = -40. Calculate the greatest common factor of x and 588.
49
Suppose -71 = -5*z - 2*u + 5, 0 = -3*z + 4*u + 30. Let p = 14 + -6. Let c = -6 + p. Calculate the highest common factor of c and z.
2
Suppose 2 = t - 3. Suppose -8*c + 105 = -t*c. What is the greatest common factor of c and 14?
7
Suppose -7*q + 922 + 135 = 0. Let f = q - 145. Calculate the highest common divisor of f and 9.
3
Let g = -60 + 172. Suppose 45 + 109 = 11*s. What is the highest common factor of g and s?
14
Let w = -6 + 8. Suppose -2*f - 4*s + 10 = -s, -4*f = -w*s - 36. Let c = 4 - -4. What is the highest common divisor of c and f?
8
Let m(t) = -113*t**3 - 3*t**2 - 2*t. Let u be m(-1). What is the highest common factor of u and 7?
7
Let x(s) = s**3 + 4*s**2 - 4. Let z be x(-3). Suppose -u = c - 73, -4*c - 57 = -5*c - z*u. Calculate the greatest common divisor of c and 7.
7
Let g = 39 - 21. Suppose -2*s + 0*s = -g. Let h(p) = p + 2. Let l be h(s). What is the highest common factor of 88 and l?
11
Let w(c) = -7*c**3 + 3*c**2 - 22*c + 7. Let t be w(-5). Calculate the highest common divisor of t and 22.
11
Suppose 22*g - 6*g - 5472 = 0. What is the highest common factor of 18 and g?
18
Suppose 0 = -3*w - t + 9, 0 = 14*w - 11*w - 5*t - 27. Suppose 4*x - 4 = 2*x. Let v = x + w. Calculate the highest common divisor of v and 30.
6
Let k(l) = 2*l**3 - 2*l**2 - 2*l + 4. Let h be k(3). What is the greatest common divisor of 323 and h?
17
Let c = -170 - -302. What is the highest common factor of 99 and c?
33
Let c(f) = 69*f**3 + 2*f - 1. Let n be c(-2). Let y = n + 1039. Suppose -5*g - 17 + y = 0. Calculate the highest common factor of 62 and g.
31
Let a = -24 - -31. Let q(x) = x + 4. Let h be q(a). Calculate the highest common factor of h and 11.
11
Let u(q) = 10*q**2 - 17*q - 110. Let p be u(-5). What is the greatest common divisor of 45 and p?
45
Suppose 37*u - 55*u = -1728. Calculate the highest common factor of u and 18.
6
Let s = -2768 + 3943. Calculate the highest common divisor of 94 and s.
47
Let d be (-83 - 2)*(-6 + 6 + -3). Calculate the greatest common factor of d and 34.
17
Suppose 0 = p + 4*k - 810, -5*p = 2*k + 3*k - 4035. Calculate the greatest common divisor of p and 26.
26
Let q(y) = -5*y + 2. Let t be q(0). Suppose -2*f + 1 = 5, -o + 10 = t*f. Calculate the greatest common divisor of 70 and o.
14
Let j = -29 + 53. Let u(k) = 86*k**3 - k**2 - 2*k - 2. Let x be u(-1). Let v = -51 - x. Calculate the greatest common factor of v and j.
12
Let f = -30 + -20. Let m = -16 - f. What is the highest common factor of 85 and m?
17
Suppose -5*r + 26 = -3*l - l, -2*r - 2*l = 4. Let p be r - ((-4)/(-2) - 40). Suppose 3*z - 2*z = p. Calculate the highest common divisor of 10 and z.
10
Let r(z) = -z**3 + 11*z**2 - 5*z - 10. Let y = 9 + 1. Let j be r(y). Suppose 2*n = 22 - 6. Calculate the highest common divisor of j and n.
8
Let d = 589 + -566. Calculate the greatest common factor of 46 and d.
23
Let b be -16*(4 + (38/(-4) - -5)). Let g(r) = 2*r**2 - 12*r + 8. Let u be g(8). What is the greatest common factor of u and b?
8
Let l be (0 + 1)*(22 + 13 + 10). Let v = -2 - -7. What is the highest common divisor of v and l?
5
Let w = 13 + -8. Let n(t) = 2*t - 4. Let p be n(w). Let j(l) = l**3 + 8*l**2 + 6*l - 5. Let a be j(-7). Calculate the highest common factor of a and p.
2
Suppose 0 = -2*o - 10 + 24. Let w(u) = u + 11. Let i be w(o). What is the greatest common divisor of 30 and i?
6
Let z = -1 + 12. Suppose 7*p = 4*p - j + 5, -3*p + 4*j + 25 = 0. Suppose 0 = 3*h + 2*a - 30, -2*a + p = h - z. What is the greatest common factor of 1 and h?
1
Let n = 24 + -18. Suppose n*o - 1162 = -112. What is the greatest common factor of 25 and o?
25
Suppose -3*k = -0*k - 18. Let v = 21119 + -21077. What is the greatest common divisor of k and v?
6
Suppose 27*q - 29*q + 50 = 0. Calculate the highest common divisor of q and 375.
25
Suppose -14 = -t + 16. Suppose 4*v = 0, 0*y + 3*y - t = 4*v. Suppose 0 = 3*p - 1 - 29. Calculate the greatest common factor of p and y.
10
Let f(h) = -h**3 + 8*h**2 - 4*h - 10. Let x be f(7). Let j = -5 + 60. Calculate the greatest common divisor of x and j.
11
Suppose 204 = 4*j + 3*i, 153 = 3*j - 4*i - i. What is the greatest common divisor of 1479 and j?
51
Let y be 3 + (1 - -6*1). Let i = 2080 - 2070. What is the greatest common factor of i and y?
10
Let l be 18/((-12)/(-4))*10/6. Let d(j) = 2*j - 6. Let s be d(4). Let a = s + 0. Calculate the greatest common divisor of a and l.
2
Let v = -7762 - -7798. Let z(b) = 30*b. Let n be z(2). What is the greatest common factor of n and v?
12
Let t be (5/(-2))/((-655)/1048). Suppose -4*r + 52 = 5*a, -4*a = -5*a + 3*r - 1. Calculate the highest common factor of a and t.
4
Let a be (-1 + (-5)/(-3))/((-2)/(-222)). Let b = a + -56. What is the greatest common factor of 9 and b?
9
Suppose -4 = 2*m - 3*m. Suppose -t - m*w = -2*t + 23, -4*t + 68 = -4*w. Let s be t/12*2*2. Calculate the greatest common divisor of 55 and s.
5
Suppose 4 - 36 = -p. Suppose 3*x = 3*r - 6, 2*r + x = -4*x + p. Suppose -5*q + 2*q - c + 1 = 0, -2*c = 